{"id":52,"date":"2024-03-12T08:24:21","date_gmt":"2024-03-12T07:24:21","guid":{"rendered":"https:\/\/sp4thk.elfro.pl\/?page_id=52"},"modified":"2026-01-04T09:22:17","modified_gmt":"2026-01-04T08:22:17","slug":"rig","status":"publish","type":"page","link":"https:\/\/sp4thk.elfro.pl\/index.php\/rig\/","title":{"rendered":"Rig"},"content":{"rendered":"\n<p>Domy\u015blnym oknem programu jest okno kontroli transceivera:<\/p>\n\n\n\n<figure class=\"wp-block-image size-full\"><img loading=\"lazy\" decoding=\"async\" width=\"661\" height=\"237\" src=\"https:\/\/sp4thk.elfro.pl\/wp-content\/uploads\/2026\/01\/rigPL.png\" alt=\"\" class=\"wp-image-1627\" srcset=\"https:\/\/sp4thk.elfro.pl\/wp-content\/uploads\/2026\/01\/rigPL.png 661w, https:\/\/sp4thk.elfro.pl\/wp-content\/uploads\/2026\/01\/rigPL-300x108.png 300w\" sizes=\"auto, (max-width: 661px) 100vw, 661px\" \/><\/figure>\n\n\n\n<p>Pobiera on poprzez Omnirig\/Hamlib informacj\u0119 o bie\u017c\u0105cych parametrach urz\u0105dzenia.<\/p>\n\n\n\n<hr class=\"wp-block-separator has-alpha-channel-opacity\"\/>\n\n\n\n<p>Aby wej\u015b\u0107  <strong>Menu<\/strong> opr\u00f3cz klikni\u0119cia myszk\u0105 naciskamy  <strong>F10<\/strong> lub lewy <strong>ALT<\/strong><\/p>\n\n\n\n<p>Pomoc pojawi si\u0119 po naci\u015bni\u0119ciu <strong>F1<\/strong>. Jest to pomoc online i wymagane jest po\u0142\u0105czenie z internetem.<\/p>\n\n\n\n<p><strong>F2<\/strong> spowoduje przej\u015bcie na pocz\u0105tek listy przycisk\u00f3w (zaznaczony b\u0119dzie BAND opcja dla niewidomych)<\/p>\n\n\n\n<p>Na g\u00f3rze jest nazwa wybranego RIG z omnirig, lub alias(nazwa) po\u0142\u0105czenia hamlib. Poni\u017cej jest cz\u0119stotliwo\u015b\u0107 radia .<\/p>\n\n\n\n<p>Mo\u017cna j\u0105 sterowa\u0107 na kilka sposob\u00f3w.<\/p>\n\n\n\n<p><strong>MYSZKA:<\/strong><\/p>\n\n\n\n<p>1) Scrollem myszki na odpowiedniej cyfrze.<br>2) lewym klawiszem myszy plus a prawym minus. Spos\u00f3b ten mo\u017cemy zmieni\u0107 w ustawieniach Menu: <em>Ustawienia interfejsu<\/em>. Zaznaczamy opcj\u0119 <em>Lewy przycisk myszy +\/- je\u017celi klikni\u0119to w g\u00f3rn\u0105 lub doln\u0105 cz\u0119\u015b\u0107 cyfry<\/em> . Wtedy lewy klawisz myszy klikni\u0119ty na g\u00f3rze cyfry zwi\u0119ksza warto\u015b\u0107 na dole zmniejsza. Prawy klawisz nie zmienia swojego dzia\u0142ania.<\/p>\n\n\n\n<p><strong>KLAWIATURA:<\/strong><br>1) PLUS, MINUS \u2013 zmienia cz\u0119stotliwo\u015b\u0107 o 1000 Hz (1kHz)<br>2) CTRL +, &#8211; oraz strza\u0142ki  \u2013 zmienia cz\u0119stotliwo\u015b\u0107 o 1000 Hz (1kHz)<br>3) CTRL SHIFT +, &#8211; oraz strza\u0142ki  \u2013 zmienia cz\u0119stotliwo\u015b\u0107 o 100 Hz<br>4) ALT +, &#8211; oraz strza\u0142ki  \u2013 zmienia cz\u0119stotliwo\u015b\u0107 o 10 Hz<br>5) ALT SHIFT +, &#8211; oraz strza\u0142ki  \u2013 zmienia cz\u0119stotliwo\u015b\u0107 o 1 Hz<br>6) ALT CTRL +, &#8211; oraz strza\u0142ki  \u2013 zmienia cz\u0119stotliwo\u015b\u0107 o 100000 Hz (100kHz)<br>7) ALT CTRL +, &#8211; oraz strza\u0142ki  \u2013 zmienia cz\u0119stotliwo\u015b\u0107 o 10000 Hz (10kHz)<\/p>\n\n\n\n<p>W trybie dla niewidomych wywo\u0142ywanym b\u0105d\u017a plikiem <em>AutoBlindMode.bat<\/em>, opcj\u0105 z menu <em>Tryb dla niewidomych<\/em>,  lub skr\u00f3tem klawiaturowym <strong>ALT CTRL<\/strong> <strong>\u00d8<\/strong>(zero)  tryb sterowania myszk\u0105 jest niedost\u0119pny. Dodatkowo zamiast cyfr w formacie siedmiosegmentowego LED pojawi si\u0119 przycisk z cz\u0119stotliwo\u015bci\u0105 umo\u017cliwiaj\u0105cy dost\u0119p do odczytania warto\u015bci przez czytniki ekranu. Klikaj\u0105c w niego (Enter) otworzy si\u0119 okno ustawiania cz\u0119stotliwo\u015bci.<br>Pos\u0142uguj\u0105c si\u0119 skr\u00f3tami cz\u0119stotliwo\u015bci w trybie dla niewidomych automatycznie nast\u0105pi przej\u015bcie do tego przycisku (zostanie zaznaczony).<\/p>\n\n\n\n<p>Przyciski 000 i 500 wyr\u00f3wnuj\u0105 cz\u0119stotliwo\u015b\u0107 do .000 i .500 kHz.<br>W trybie dla niewidomych s\u0105 niewidoczne jednak\u017ce skr\u00f3ty klawiszowe od nich funkcjonuj\u0105.<br>S\u0105 to odpowiednio <strong>CTRL &#8211; \u00d8<\/strong> i <strong>CTRL &#8211; 5<\/strong><\/p>\n\n\n\n<p>Dodatkowo mo\u017cna ustawi\u0107 cz\u0119stotliwo\u015b\u0107 z klawiatury wybieraj\u0105c przycisk (<strong>CTRL-F<\/strong>) Je\u017celi cz\u0119stotliwo\u015b\u0107 jeszcze nie zosta\u0142a pobrana z Omnirig\/Hamlib zamiast okna w\u0142\u0105czy si\u0119 kr\u00f3tki d\u017awi\u0119k. Nale\u017cy wtedy chwil\u0119 odczeka\u0107.<\/p>\n\n\n\n<hr class=\"wp-block-separator has-alpha-channel-opacity\"\/>\n\n\n\n<p class=\"has-medium-font-size\" id=\"TRX\"><strong>Konfiguracja TRX.<\/strong><\/p>\n\n\n\n<p>Po wybraniu tej opcji z menu wy\u015bwietli si\u0119 okno :<\/p>\n\n\n\n<figure data-wp-context=\"{&quot;imageId&quot;:&quot;69e0471e8577e&quot;}\" data-wp-interactive=\"core\/image\" data-wp-key=\"69e0471e8577e\" class=\"wp-block-image size-full wp-lightbox-container\"><img loading=\"lazy\" decoding=\"async\" width=\"769\" height=\"536\" data-wp-class--hide=\"state.isContentHidden\" data-wp-class--show=\"state.isContentVisible\" data-wp-init=\"callbacks.setButtonStyles\" data-wp-on--click=\"actions.showLightbox\" data-wp-on--load=\"callbacks.setButtonStyles\" data-wp-on-window--resize=\"callbacks.setButtonStyles\" src=\"https:\/\/sp4thk.elfro.pl\/wp-content\/uploads\/2025\/11\/TRXConfig-1.png\" alt=\"\" class=\"wp-image-1505\" srcset=\"https:\/\/sp4thk.elfro.pl\/wp-content\/uploads\/2025\/11\/TRXConfig-1.png 769w, https:\/\/sp4thk.elfro.pl\/wp-content\/uploads\/2025\/11\/TRXConfig-1-300x209.png 300w\" sizes=\"auto, (max-width: 769px) 100vw, 769px\" \/><button\n\t\t\tclass=\"lightbox-trigger\"\n\t\t\ttype=\"button\"\n\t\t\taria-haspopup=\"dialog\"\n\t\t\taria-label=\"Powi\u0119ksz\"\n\t\t\tdata-wp-init=\"callbacks.initTriggerButton\"\n\t\t\tdata-wp-on--click=\"actions.showLightbox\"\n\t\t\tdata-wp-style--right=\"state.imageButtonRight\"\n\t\t\tdata-wp-style--top=\"state.imageButtonTop\"\n\t\t>\n\t\t\t<svg xmlns=\"http:\/\/www.w3.org\/2000\/svg\" width=\"12\" height=\"12\" fill=\"none\" viewBox=\"0 0 12 12\">\n\t\t\t\t<path fill=\"#fff\" d=\"M2 0a2 2 0 0 0-2 2v2h1.5V2a.5.5 0 0 1 .5-.5h2V0H2Zm2 10.5H2a.5.5 0 0 1-.5-.5V8H0v2a2 2 0 0 0 2 2h2v-1.5ZM8 12v-1.5h2a.5.5 0 0 0 .5-.5V8H12v2a2 2 0 0 1-2 2H8Zm2-12a2 2 0 0 1 2 2v2h-1.5V2a.5.5 0 0 0-.5-.5H8V0h2Z\" \/>\n\t\t\t<\/svg>\n\t\t<\/button><\/figure>\n\n\n\n<p class=\"has-medium-font-size\" id=\"Omnirig\"><strong>Omnirig.<\/strong><\/p>\n\n\n\n<p>Przy wyborze sterowania radiem przez Omnirig mo\u017cemy klikn\u0105\u0107 Poka\u017c okno Omnirig (je\u015bli dost\u0119pne). Gdy tego okna nie wida\u0107 nale\u017cy zaznaczy\u0107 sterowanie przez Omnirig zamkn\u0105\u0107 to okno i uruchomi\u0107 konfiguracj\u0119 ponownie. Gdy Omnirig nie by\u0142 wybrany biblioteki nie s\u0105 zainicjowane i nie ma co wy\u015bwietla\u0107.<\/p>\n\n\n\n<p>Wszystkie parametry konfigurujemy w oknie programu Omnirig:<\/p>\n\n\n<div class=\"wp-block-image\">\n<figure class=\"aligncenter size-full\"><img loading=\"lazy\" decoding=\"async\" width=\"260\" height=\"474\" src=\"https:\/\/sp4thk.elfro.pl\/wp-content\/uploads\/2025\/11\/Omnirig.png\" alt=\"\" class=\"wp-image-1509\" srcset=\"https:\/\/sp4thk.elfro.pl\/wp-content\/uploads\/2025\/11\/Omnirig.png 260w, https:\/\/sp4thk.elfro.pl\/wp-content\/uploads\/2025\/11\/Omnirig-165x300.png 165w\" sizes=\"auto, (max-width: 260px) 100vw, 260px\" \/><\/figure>\n<\/div>\n\n\n<p>Omnirig mo\u017ce obs\u0142u\u017cy\u0107 jednocze\u015bnie dwa radia i kolejno konfigurujemy to w\u0142a\u015bnie w RIG1 i RIG2. <\/p>\n\n\n\n<p>W folderze programu w katalogu Omnirig s\u0105 dodatkowe pliki ini dla wybranych modeli TRX z poprawionymi nieco parametrami sterowania.<\/p>\n\n\n\n<p>Po uruchomieniu programu z wybranym Omnirig mo\u017cemy wybra\u0107 jeden z RIG(\u00f3w) RIG1 lub RIG2. Mo\u017cna to zrobi\u0107 z menu lub u\u017cy\u0107 skr\u00f3t\u00f3w klawiszowych:<\/p>\n\n\n\n<ul class=\"wp-block-list\">\n<li><strong>CTRL &#8211; F1<\/strong> &#8211; wybiera RIG1 z konfiguracji omnirig<\/li>\n\n\n\n<li><strong>CTRL &#8211; F<\/strong><strong>2<\/strong> &#8211; wybiera RIG2 z konfiguracji omnirig<\/li>\n\n\n\n<li><strong>CTRL &#8211; F3<\/strong> \u2013 otwiera okno dialogowe omnirig. Czasem jest to potrzebne np. do restartu omnirig.<\/li>\n<\/ul>\n\n\n\n<div>\n<div style=\"float:left; margin:10px 15px 0 0\"> <img decoding=\"async\" src=\"https:\/\/sp4thk.elfro.pl\/wp-content\/uploads\/2024\/03\/Very_Small_Symbol_Exclamati.png\">\n<\/div>\n<div style=\"float:left;margin:15px 15px 0 0;font-size:30px\"><strong>UWAGA !!!<\/strong><\/div>\n<\/div> <div style=\"clear:both\"><\/div>\n\n\n\n<p>W niekt\u00f3rych przypadkach zdarza si\u0119, \u017ce Omnirig przestanie odpowiada\u0107. Np przy w\u0142\u0105czaniu \/wy\u0142\u0105czaniu urz\u0105dze\u0144, gdy wybrane jest z\u0142e urz\u0105dzenie np. do Yaesu wysy\u0142amy funkcje z ICOM itp. Wtedy nale\u017cy go zrestartowa\u0107. Wystarczy otworzy\u0107 okno ponownie.<\/p>\n\n\n\n<hr class=\"wp-block-separator has-alpha-channel-opacity\"\/>\n\n\n\n<p class=\"has-medium-font-size\" id=\"Hamlib\"><strong>Hamlib<\/strong><\/p>\n\n\n\n<p>Tutaj konfiguracja jest o wiele bardziej rozbudowana. Najpierw nale\u017cy wyja\u015bni\u0107 jak skonstruowane s\u0105 biblioteki Hamlib.<\/p>\n\n\n\n<p>Hamlib \u0142\u0105czy si\u0119 z radiem za pomoc\u0105 jednego z modu\u0142\u00f3w my b\u0119dziemy u\u017cywa\u0107 rigctld.exe. Program jest odpowiedzialny za \u0142\u0105czenie si\u0119 z radiem. Programy kt\u00f3re chc\u0105 r\u00f3wnolegle i z wielu miejsc u\u017cywa\u0107 radia \u0142\u0105cz\u0105c si\u0119 z modu\u0142em Hamliba poprzez protok\u00f3\u0142 TCP-IP (sie\u0107 komputerow\u0105). Mo\u017ce to by\u0107 ten sam komputer ale i zupe\u0142nie inny. Ba nawet teoretycznie w odleg\u0142ej lokalizacji. W zwi\u0105zku z tak zorganizowan\u0105 struktur\u0105 mamy architektur\u0119 klient serwer.<\/p>\n\n\n\n<p>Klientem jest program np Rig And Log WSJTX, JTDX itd&#8230;. Serwerem jest plik z biblioteki Hamlib rigctld.exe. <\/p>\n\n\n\n<p>Biblioteki Hamlib nie udost\u0119pniaj\u0105 \u017cadnego interfejsu uruchomieniowego ani konfiguracji. <\/p>\n\n\n\n<p>Wi\u0119kszo\u015b\u0107 program\u00f3w udost\u0119pnia sw\u00f3j interfejs komunikacyjny.<\/p>\n\n\n\n<p>Hamlib nie umie si\u0119 tak\u017ce sam uruchomi\u0107 ani zainstalowa\u0107 w systemie aby np uruchamia\u0107 si\u0119 razem z Windows. Wi\u0119kszo\u015b\u0107 program\u00f3w uruchamia go wraz ze swoim uruchomieniem i zamyka wraz ze sob\u0105. Powoduje to k\u0142opoty gdy chcemy np uruchomi\u0107 inny program to albo musimy go skonfigurowa\u0107 jako klient tego pierwszego i uruchamia\u0107 dwa albo uruchamia\u0107 oddzielny serwer wewn\u0105trz drugiego programu ale wtedy oba programy na raz nie b\u0119d\u0105 mog\u0142y by\u0107 uruchomione. Nie mog\u0105 dzia\u0142a\u0107 dwa serwery na tym samym radiu.<\/p>\n\n\n\n<p>Rozwi\u0105za\u0142em t\u0119 niedogodno\u015b\u0107 w prosty spos\u00f3b. Ot\u00f3\u017c wszystkie programy na komputerze s\u0105 klientami. Konfigurujemy ich pod\u0142\u0105czenie do jednego serwera. Ka\u017cdy uruchamia si\u0119 niezale\u017cnie mog\u0105 dzia\u0142a\u0107 razem lub osobno. Jest to najbardziej elastyczne rozwi\u0105zanie !!!<\/p>\n\n\n\n<p>No tak ale kto jest serwerem w takim przypadku.  I tu uspokajam nie RigAndLog. Napisa\u0142em specjalny oddzielny modu\u0142 HamlibStarter.exe kt\u00f3ry konfiguruje, uruchamia i zamyka serwer. Dba tak\u017ce o to, \u017ce gdyby serwer uleg\u0142 awarii i si\u0119 zamkn\u0105\u0142 &#8211; uruchomi go ponownie.<\/p>\n\n\n\n<p>Ale po kolei . <\/p>\n\n\n\n<p class=\"has-medium-font-size\" id=\"HamlibClient\"><strong>Hamlib Klient<\/strong><\/p>\n\n\n\n<p>W RigAndLog uruchamiamy konfiguracj\u0119 hamlib.<\/p>\n\n\n\n<figure data-wp-context=\"{&quot;imageId&quot;:&quot;69e0471e85f69&quot;}\" data-wp-interactive=\"core\/image\" data-wp-key=\"69e0471e85f69\" class=\"wp-block-image size-full wp-lightbox-container\"><img loading=\"lazy\" decoding=\"async\" width=\"906\" height=\"540\" data-wp-class--hide=\"state.isContentHidden\" data-wp-class--show=\"state.isContentVisible\" data-wp-init=\"callbacks.setButtonStyles\" data-wp-on--click=\"actions.showLightbox\" data-wp-on--load=\"callbacks.setButtonStyles\" data-wp-on-window--resize=\"callbacks.setButtonStyles\" src=\"https:\/\/sp4thk.elfro.pl\/wp-content\/uploads\/2025\/11\/hamlibClient-1.png\" alt=\"\" class=\"wp-image-1513\" srcset=\"https:\/\/sp4thk.elfro.pl\/wp-content\/uploads\/2025\/11\/hamlibClient-1.png 906w, https:\/\/sp4thk.elfro.pl\/wp-content\/uploads\/2025\/11\/hamlibClient-1-300x179.png 300w, https:\/\/sp4thk.elfro.pl\/wp-content\/uploads\/2025\/11\/hamlibClient-1-768x458.png 768w\" sizes=\"auto, (max-width: 906px) 100vw, 906px\" \/><button\n\t\t\tclass=\"lightbox-trigger\"\n\t\t\ttype=\"button\"\n\t\t\taria-haspopup=\"dialog\"\n\t\t\taria-label=\"Powi\u0119ksz\"\n\t\t\tdata-wp-init=\"callbacks.initTriggerButton\"\n\t\t\tdata-wp-on--click=\"actions.showLightbox\"\n\t\t\tdata-wp-style--right=\"state.imageButtonRight\"\n\t\t\tdata-wp-style--top=\"state.imageButtonTop\"\n\t\t>\n\t\t\t<svg xmlns=\"http:\/\/www.w3.org\/2000\/svg\" width=\"12\" height=\"12\" fill=\"none\" viewBox=\"0 0 12 12\">\n\t\t\t\t<path fill=\"#fff\" d=\"M2 0a2 2 0 0 0-2 2v2h1.5V2a.5.5 0 0 1 .5-.5h2V0H2Zm2 10.5H2a.5.5 0 0 1-.5-.5V8H0v2a2 2 0 0 0 2 2h2v-1.5ZM8 12v-1.5h2a.5.5 0 0 0 .5-.5V8H12v2a2 2 0 0 1-2 2H8Zm2-12a2 2 0 0 1 2 2v2h-1.5V2a.5.5 0 0 0-.5-.5H8V0h2Z\" \/>\n\t\t\t<\/svg>\n\t\t<\/button><\/figure>\n\n\n\n<p>W zasadzie istotne s\u0105 dwie opcje Adres IP serwera i port. <\/p>\n\n\n\n<p>Alias jest opcj\u0105 je\u015bli chcemy aby program wy\u015bwietla\u0142 \u0142adniejsze napisy <br>np. zamiast <em>127.0.0.1 \u0142\u0105cz\u0119 &#8230;<\/em> to <em>FTDX101D \u0142\u0105cz\u0119 &#8230;<\/em> albo  <em>MOJE SUPER RADIO \u0142acz\u0119&#8230; <\/em><\/p>\n\n\n\n<p>To w zasadzie tyle je\u017celi chodzi o konfiguracj\u0119 klienta. <\/p>\n\n\n\n<p class=\"has-medium-font-size\" id=\"HamlibServer\"><strong>Hamlib Serwer<\/strong> (HamlibStarter.exe)<\/p>\n\n\n\n<p>Sprawa komplikuje si\u0119  w przypadku serwera.  Program RigAndLog mo\u017ce korzysta\u0107 z dowolnego serwera Hamlib wa\u017cne aby by\u0142a to sieciowa wersja i mo\u017cna by\u0142o si\u0119 po\u0142\u0105czy\u0107 poprzez port TCP-IP. Ale tak\u017ce mo\u017ce uruchomi\u0107 w\u0142asny serwer Hamlib z kt\u00f3rym b\u0119dzie si\u0119 komunikowa\u0142.<\/p>\n\n\n\n<p>Klikaj\u0105c w konfiguruj serwer uruchamiamy odr\u0119bny program HamlibStarter.exe. Jak pisa\u0142em jest on odr\u0119bnym modu\u0142em. Mo\u017cna go wykorzystywa\u0107 tak\u017ce w innych programach uruchamia\u0107 niezale\u017cnie r\u0119cznie lub mo\u017ce startowa\u0107 wraz z Windows &#8211; pe\u0142na automatyka i dowolno\u015b\u0107 konfiguracji. <\/p>\n\n\n\n<p>Po jego uruchomieniu pojawi si\u0119 okno:<\/p>\n\n\n<div class=\"wp-block-image\">\n<figure class=\"aligncenter size-full\"><img loading=\"lazy\" decoding=\"async\" width=\"534\" height=\"159\" src=\"https:\/\/sp4thk.elfro.pl\/wp-content\/uploads\/2025\/11\/HamlibStarter.png\" alt=\"\" class=\"wp-image-1515\" srcset=\"https:\/\/sp4thk.elfro.pl\/wp-content\/uploads\/2025\/11\/HamlibStarter.png 534w, https:\/\/sp4thk.elfro.pl\/wp-content\/uploads\/2025\/11\/HamlibStarter-300x89.png 300w\" sizes=\"auto, (max-width: 534px) 100vw, 534px\" \/><\/figure>\n<\/div>\n\n\n<p>Program uruchamia si\u0119 obok zegarka i w zale\u017cno\u015bci od jego konfiguracji mo\u017ce chowa\u0107 si\u0119 do paska powiadomie\u0144 (tray).<\/p>\n\n\n\n<p>W obszarze powiadomie\u0144 mo\u017ce by\u0107 wida\u0107 ikonk\u0119 z trzema stanami:<\/p>\n\n\n\n<p><img loading=\"lazy\" decoding=\"async\" width=\"64\" height=\"64\" class=\"wp-image-1517\" style=\"width: 64px;\" src=\"https:\/\/sp4thk.elfro.pl\/wp-content\/uploads\/2025\/11\/satMed.png\" alt=\"\"> Program si\u0119 uruchamia. Sprawdza wszystko i za chwil\u0119 uruchomi serwer.<\/p>\n\n\n\n<p><img loading=\"lazy\" decoding=\"async\" width=\"64\" height=\"64\" class=\"wp-image-1518\" style=\"width: 64px;\" src=\"https:\/\/sp4thk.elfro.pl\/wp-content\/uploads\/2025\/11\/satMedGreen.png\" alt=\"\"> Hamlib (rigctld.exe) jest uruchomiony i dzia\u0142a<\/p>\n\n\n\n<p><img loading=\"lazy\" decoding=\"async\" width=\"64\" height=\"64\" class=\"wp-image-1519\" style=\"width: 64px;\" src=\"https:\/\/sp4thk.elfro.pl\/wp-content\/uploads\/2025\/11\/satMedRed.png\" alt=\"\"> Wyst\u0105pi\u0142 b\u0142\u0105d podczas uruchamiania Hamlib &#8211; brak procesu w pami\u0119ci.<\/p>\n\n\n\n<p><strong>Uwaga!!<\/strong><br>HamlibStarter nie sprawdza poprawno\u015bci parametr\u00f3w port\u00f3w itd dla Hamlib. Sprawdzana jest jedynie obecno\u015b\u0107 procesu w pami\u0119ci. To u\u017cytkownik musi zadba\u0107 o odpowiedni\u0105 konfiguracj\u0119!!!<\/p>\n\n\n\n<p>Aby skonfigurowa\u0107 parametry uruchomienia Hamlib oraz samego programu klikamy w menu i wybieramy Konfiguracj\u0119. <\/p>\n\n\n\n<p class=\"has-medium-font-size\" id=\"ServerConfig\"><strong>Konfiguracja serwera<\/strong><\/p>\n\n\n\n<p>Po wybraniu tej opcji pojawi si\u0119 okienko:<\/p>\n\n\n\n<figure data-wp-context=\"{&quot;imageId&quot;:&quot;69e0471e866f6&quot;}\" data-wp-interactive=\"core\/image\" data-wp-key=\"69e0471e866f6\" class=\"wp-block-image size-full wp-lightbox-container\"><img loading=\"lazy\" decoding=\"async\" width=\"1015\" height=\"693\" data-wp-class--hide=\"state.isContentHidden\" data-wp-class--show=\"state.isContentVisible\" data-wp-init=\"callbacks.setButtonStyles\" data-wp-on--click=\"actions.showLightbox\" data-wp-on--load=\"callbacks.setButtonStyles\" data-wp-on-window--resize=\"callbacks.setButtonStyles\" src=\"https:\/\/sp4thk.elfro.pl\/wp-content\/uploads\/2025\/11\/HamlibServerConfig.png\" alt=\"\" class=\"wp-image-1520\" srcset=\"https:\/\/sp4thk.elfro.pl\/wp-content\/uploads\/2025\/11\/HamlibServerConfig.png 1015w, https:\/\/sp4thk.elfro.pl\/wp-content\/uploads\/2025\/11\/HamlibServerConfig-300x205.png 300w, https:\/\/sp4thk.elfro.pl\/wp-content\/uploads\/2025\/11\/HamlibServerConfig-768x524.png 768w\" sizes=\"auto, (max-width: 1015px) 100vw, 1015px\" \/><button\n\t\t\tclass=\"lightbox-trigger\"\n\t\t\ttype=\"button\"\n\t\t\taria-haspopup=\"dialog\"\n\t\t\taria-label=\"Powi\u0119ksz\"\n\t\t\tdata-wp-init=\"callbacks.initTriggerButton\"\n\t\t\tdata-wp-on--click=\"actions.showLightbox\"\n\t\t\tdata-wp-style--right=\"state.imageButtonRight\"\n\t\t\tdata-wp-style--top=\"state.imageButtonTop\"\n\t\t>\n\t\t\t<svg xmlns=\"http:\/\/www.w3.org\/2000\/svg\" width=\"12\" height=\"12\" fill=\"none\" viewBox=\"0 0 12 12\">\n\t\t\t\t<path fill=\"#fff\" d=\"M2 0a2 2 0 0 0-2 2v2h1.5V2a.5.5 0 0 1 .5-.5h2V0H2Zm2 10.5H2a.5.5 0 0 1-.5-.5V8H0v2a2 2 0 0 0 2 2h2v-1.5ZM8 12v-1.5h2a.5.5 0 0 0 .5-.5V8H12v2a2 2 0 0 1-2 2H8Zm2-12a2 2 0 0 1 2 2v2h-1.5V2a.5.5 0 0 0-.5-.5H8V0h2Z\" \/>\n\t\t\t<\/svg>\n\t\t<\/button><\/figure>\n\n\n\n<p>Wybieramy tutaj opcje po\u0142o\u017cenia biblioteki Hamlib, oraz opcje uruchomienia(konfiguracyjne) dla programu rigctld.exe. S\u0105 to parametry m\u00f3wi\u0105ce z jakim radiem i w jaki spos\u00f3b ma rigctld.exe ma &#8222;rozmawia\u0107&#8221;.<\/p>\n\n\n\n<p>W wi\u0119kszo\u015bci b\u0119dzie to radio po\u0142\u0105czone przez port szeregowy. W opcjach PTT zazwyczaj b\u0119dzie to opcja CAT bez numeru portu. Po ustawieniu wszystkich opcji nale\u017cy wygenerowa\u0107 ci\u0105g parametr\u00f3w. Jednak gdy chcemy indywidualnie skonfigurowa\u0107 mo\u017cna te parametry wpisa\u0107 r\u0119cznie. <\/p>\n\n\n\n<p><strong>Uwaga !!!<\/strong><br>Hamlib ma mo\u017cliwo\u015b\u0107 pracy w trybie VFO &#8211; program tego nie uwzgl\u0119dnia. VFO jest uproszczonym trybem sterowania gdzie hamlib zwraca i ustawia tylko bie\u017c\u0105c\u0105 cz\u0119stotliwo\u015b\u0107. Ta funkcja jest ma\u0142o przydatna dla wi\u0119kszo\u015bci program\u00f3w i RigAndLog nie b\u0119dzie dzia\u0142a\u0142 z tak\u0105 konfiguracj\u0105 !!!<\/p>\n\n\n\n<p><strong>Konfiguracja uruchamiania programu HamlibStarter<\/strong><\/p>\n\n\n\n<p>Jest to druga zak\u0142adka konfiguracji:<\/p>\n\n\n\n<figure data-wp-context=\"{&quot;imageId&quot;:&quot;69e0471e86bf4&quot;}\" data-wp-interactive=\"core\/image\" data-wp-key=\"69e0471e86bf4\" class=\"wp-block-image size-full wp-lightbox-container\"><img loading=\"lazy\" decoding=\"async\" width=\"1015\" height=\"693\" data-wp-class--hide=\"state.isContentHidden\" data-wp-class--show=\"state.isContentVisible\" data-wp-init=\"callbacks.setButtonStyles\" data-wp-on--click=\"actions.showLightbox\" data-wp-on--load=\"callbacks.setButtonStyles\" data-wp-on-window--resize=\"callbacks.setButtonStyles\" src=\"https:\/\/sp4thk.elfro.pl\/wp-content\/uploads\/2025\/11\/HamlibStarterRunCfg.png\" alt=\"\" class=\"wp-image-1522\" srcset=\"https:\/\/sp4thk.elfro.pl\/wp-content\/uploads\/2025\/11\/HamlibStarterRunCfg.png 1015w, https:\/\/sp4thk.elfro.pl\/wp-content\/uploads\/2025\/11\/HamlibStarterRunCfg-300x205.png 300w, https:\/\/sp4thk.elfro.pl\/wp-content\/uploads\/2025\/11\/HamlibStarterRunCfg-768x524.png 768w\" sizes=\"auto, (max-width: 1015px) 100vw, 1015px\" \/><button\n\t\t\tclass=\"lightbox-trigger\"\n\t\t\ttype=\"button\"\n\t\t\taria-haspopup=\"dialog\"\n\t\t\taria-label=\"Powi\u0119ksz\"\n\t\t\tdata-wp-init=\"callbacks.initTriggerButton\"\n\t\t\tdata-wp-on--click=\"actions.showLightbox\"\n\t\t\tdata-wp-style--right=\"state.imageButtonRight\"\n\t\t\tdata-wp-style--top=\"state.imageButtonTop\"\n\t\t>\n\t\t\t<svg xmlns=\"http:\/\/www.w3.org\/2000\/svg\" width=\"12\" height=\"12\" fill=\"none\" viewBox=\"0 0 12 12\">\n\t\t\t\t<path fill=\"#fff\" d=\"M2 0a2 2 0 0 0-2 2v2h1.5V2a.5.5 0 0 1 .5-.5h2V0H2Zm2 10.5H2a.5.5 0 0 1-.5-.5V8H0v2a2 2 0 0 0 2 2h2v-1.5ZM8 12v-1.5h2a.5.5 0 0 0 .5-.5V8H12v2a2 2 0 0 1-2 2H8Zm2-12a2 2 0 0 1 2 2v2h-1.5V2a.5.5 0 0 0-.5-.5H8V0h2Z\" \/>\n\t\t\t<\/svg>\n\t\t<\/button><\/figure>\n\n\n\n<p>W tej zak\u0142adce mo\u017cna ustawi\u0107 uruchamianie programu wraz z Windows. oraz co ma si\u0119 dzia\u0107 po jego uruchomieniu. Czy ma si\u0119 pokazywa\u0107 i kiedy np czy zawsze czy tylko w przypadku b\u0142\u0119d\u00f3w. Po uruchomieniu wszystkiego mo\u017cna tak\u017ce uruchomi\u0107 dodatkowy program np RigAndLog.<\/p>\n\n\n\n<hr class=\"wp-block-separator has-alpha-channel-opacity\"\/>\n\n\n\n<p style=\"vertical-align:middle; text-align:right\"> \n<a href=\"https:\/\/sp4thk.elfro.pl\/index.php\/rig\/podstawowe-funkcje\/\" style=\"vertical-align:middle\">Podstawowe funkcje<\/a> &nbsp; <a href=\"https:\/\/sp4thk.elfro.pl\/index.php\/rig\/podstawowe-funkcje\/\" style=\"vertical-align:middle\">\n<img decoding=\"async\" style=\"display:inline-block; vertical-align:middle\" src=\"https:\/\/sp4thk.elfro.pl\/wp-content\/uploads\/2024\/03\/Very_Small_Arrow_left.png\"><\/a> <\/p>\n","protected":false},"excerpt":{"rendered":"<p>Domy\u015blnym oknem programu jest okno kontroli transceivera: Pobiera on poprzez Omnirig\/Hamlib informacj\u0119 o bie\u017c\u0105cych parametrach urz\u0105dzenia. Aby wej\u015b\u0107 Menu opr\u00f3cz klikni\u0119cia myszk\u0105 naciskamy F10 lub lewy ALT Pomoc pojawi si\u0119 po naci\u015bni\u0119ciu F1. Jest to pomoc online i wymagane jest po\u0142\u0105czenie z internetem. F2 spowoduje przej\u015bcie na pocz\u0105tek listy przycisk\u00f3w (zaznaczony b\u0119dzie BAND opcja dla [&hellip;]<\/p>\n","protected":false},"author":1,"featured_media":0,"parent":0,"menu_order":0,"comment_status":"closed","ping_status":"closed","template":"","meta":{"footnotes":""},"class_list":["post-52","page","type-page","status-publish","hentry"],"_links":{"self":[{"href":"https:\/\/sp4thk.elfro.pl\/index.php\/wp-json\/wp\/v2\/pages\/52","targetHints":{"allow":["GET"]}}],"collection":[{"href":"https:\/\/sp4thk.elfro.pl\/index.php\/wp-json\/wp\/v2\/pages"}],"about":[{"href":"https:\/\/sp4thk.elfro.pl\/index.php\/wp-json\/wp\/v2\/types\/page"}],"author":[{"embeddable":true,"href":"https:\/\/sp4thk.elfro.pl\/index.php\/wp-json\/wp\/v2\/users\/1"}],"replies":[{"embeddable":true,"href":"https:\/\/sp4thk.elfro.pl\/index.php\/wp-json\/wp\/v2\/comments?post=52"}],"version-history":[{"count":35,"href":"https:\/\/sp4thk.elfro.pl\/index.php\/wp-json\/wp\/v2\/pages\/52\/revisions"}],"predecessor-version":[{"id":1844,"href":"https:\/\/sp4thk.elfro.pl\/index.php\/wp-json\/wp\/v2\/pages\/52\/revisions\/1844"}],"wp:attachment":[{"href":"https:\/\/sp4thk.elfro.pl\/index.php\/wp-json\/wp\/v2\/media?parent=52"}],"curies":[{"name":"wp","href":"https:\/\/api.w.org\/{rel}","templated":true}]}}